{"id":7,"date":"2012-12-05T08:48:17","date_gmt":"2012-12-05T08:48:17","guid":{"rendered":"https:\/\/schneesportfestival.de\/?page_id=7"},"modified":"2025-11-20T22:54:19","modified_gmt":"2025-11-20T20:54:19","slug":"gruswort-des-prasidenten","status":"publish","type":"page","link":"https:\/\/schneesportfestival.de\/?page_id=7","title":{"rendered":"Gru\u00dfwort des Pr\u00e4sidenten des Schw\u00e4bischen Skiverbandes e.V."},"content":{"rendered":"\n<div class=\"wp-block-columns is-layout-flex wp-container-core-columns-is-layout-9d6595d7 wp-block-columns-is-layout-flex\">\n<div class=\"wp-block-column is-layout-flow wp-block-column-is-layout-flow\" style=\"flex-basis:100%\">\n<div class=\"wp-block-columns is-layout-flex wp-container-core-columns-is-layout-9d6595d7 wp-block-columns-is-layout-flex\">\n<div class=\"wp-block-column is-layout-flow wp-block-column-is-layout-flow\" style=\"flex-basis:100%\">\n<figure class=\"wp-block-image size-full is-resized\"><a href=\"http:\/\/schneesportfestival.de\/wp-content\/uploads\/2024\/09\/Jochen_Mueller_SSV_Praesident_2019.jpg\"><img loading=\"lazy\" decoding=\"async\" width=\"1024\" height=\"685\" src=\"http:\/\/schneesportfestival.de\/wp-content\/uploads\/2024\/09\/Jochen_Mueller_SSV_Praesident_2019.jpg\" alt=\"\" class=\"wp-image-2359\" style=\"width:309px;height:auto\" srcset=\"https:\/\/schneesportfestival.de\/wp-content\/uploads\/2024\/09\/Jochen_Mueller_SSV_Praesident_2019.jpg 1024w, https:\/\/schneesportfestival.de\/wp-content\/uploads\/2024\/09\/Jochen_Mueller_SSV_Praesident_2019-300x201.jpg 300w, https:\/\/schneesportfestival.de\/wp-content\/uploads\/2024\/09\/Jochen_Mueller_SSV_Praesident_2019-768x514.jpg 768w\" sizes=\"auto, (max-width: 1024px) 100vw, 1024px\" \/><\/a><\/figure>\n<\/div>\n<\/div>\n\n\n\n<div class=\"wp-block-columns is-layout-flex wp-container-core-columns-is-layout-9d6595d7 wp-block-columns-is-layout-flex\">\n<div class=\"wp-block-column is-layout-flow wp-block-column-is-layout-flow\" style=\"flex-basis:100%\">\n<p>Liebe Sch\u00fclerinnen und Sch\u00fcler, <br \/>liebe Lehrerinnen und Lehrer,<\/p>\n<p><span data-contrast=\"auto\">wie in den vergangenen Jahren l\u00e4dt der Schw\u00e4bische Skiverband auch im 27. Jahr der Durchf\u00fchrung zum \u201eSchneesportfestival der Schulen\u201c ein! Unter Mitwirkung der Vereine mit den zahlreichen Lehrkr\u00e4ften, den Sch\u00fclermentoren und zahlreichen Aktiven aus dem Bereich des Skisports wartet auch in diesem Jahr ein sehr gut vorbereiteter Event auf die zahlreichen Besucher! Wie in den vergangenen Jahren werden es auch bei der diesj\u00e4hrigen Durchf\u00fchrung \u00fcber 3000 Sch\u00fclerinnen und Sch\u00fcler sein, die am Oberjoch die Gelegenheit auf einen gro\u00dfartigen Wintersporttag in der Natur und im Schnee nutzen werden. Den Winter, den Schnee, die Sonne, dies alles hautnah erleben, dabei bewegen im Schnee, gleiten, rutschen, springen, rodeln, wandern und noch viel mehr, dies alles macht das vielseitige Programm m\u00f6glich und macht diesen Tag zu einem unvergesslichen Erlebnis.\u00a0<\/span><span data-ccp-props=\"{&quot;134233117&quot;:true,&quot;134233118&quot;:true,&quot;201341983&quot;:0,&quot;335559740&quot;:240}\">\u00a0<\/span><\/p>\n<p><span data-contrast=\"auto\">Neben den pers\u00f6nlichen Erfahrungen durch den Sport in der freien Natur erm\u00f6glicht das Erleben der Gemeinschaft, das Unterwegssein mit der Gruppe, soziale Erfahrungen in den Schulklassen und Kleingruppen. Und beim Bewegen in der Natur bekommen die personalen und sozialen Kompetenzen, wie Verantwortung f\u00fcr die Mitsch\u00fclerinnen\u00a0 und Mitsch\u00fcler und Teamf\u00e4higkeit nochmals eine ganz andere Bedeutung als im unmittelbaren schulischen Umfeld.\u00a0<\/span><span data-ccp-props=\"{&quot;134233117&quot;:true,&quot;134233118&quot;:true,&quot;201341983&quot;:0,&quot;335559740&quot;:240}\">\u00a0<\/span><\/p>\n<p><span data-contrast=\"auto\">Der Wettbewerb \u201eJugend trainiert f\u00fcr Olympia \u2013 Ski Alpin\u201c bietet Sch\u00fclerinnen und Sch\u00fclern in den Schulmannschaften in den verschiedenen Jahrg\u00e4ngen die Gelegenheit sowohl erste Erfahrungen im Wettkampfsport zu sammeln als auch ihr K\u00f6nnen zu zeigen und sich f\u00fcr das Landes- und Bundesfinale zu qualifizieren.<\/span><span data-ccp-props=\"{&quot;134233117&quot;:true,&quot;134233118&quot;:true,&quot;201341983&quot;:0,&quot;335559740&quot;:240}\">\u00a0<\/span><\/p>\n<p><span data-contrast=\"auto\">Den Verantwortlichen mit den vielen Helfern der Bergbahnen Hindelang-Oberjoch, unserer Vereine und der Vereins- und DSV-Skischulen, die FdS mit ihrem Angebot sowie zahlreichen Sch\u00fclermentoren danke ich herzlich f\u00fcr die Bereitschaft zur Mitarbeit in der Vorbereitung und Durchf\u00fchrung des abwechslungsreichen und vielf\u00e4ltigen Schneesportfestivals.\u00a0<\/span><span data-ccp-props=\"{&quot;134233117&quot;:true,&quot;134233118&quot;:true,&quot;201341983&quot;:0,&quot;335559740&quot;:240}\">\u00a0<\/span><\/p>\n<p><span data-contrast=\"auto\">Dem Ministerium f\u00fcr Kultus, Jugend und Sport, den Schulbeh\u00f6rden, sowie den Schulen mit ihren Lehrerinnen und Lehrern danke ich f\u00fcr den Einsatz f\u00fcr diese besondere Veranstaltung, die Initiative zur Anmeldung und die Bereitschaft zur Organisation an den Schulen.\u00a0<\/span><span data-ccp-props=\"{&quot;134233117&quot;:true,&quot;134233118&quot;:true,&quot;201341983&quot;:0,&quot;335559740&quot;:240}\">\u00a0<\/span><\/p>\n<p><span data-contrast=\"auto\">Eine solche Veranstaltung kann nur durch Hilfe von zahlreichen Unterst\u00fctzern, Spendern und Sponsoren durchgef\u00fchrt werden. Daher gilt der Dank allen Firmen, die Testmaterial und Preise f\u00fcr die Tombola zur Verf\u00fcgung stellen, dem Referat Schneesport an Schulen im Deutschen Skiverband f\u00fcr die gro\u00dfz\u00fcgige Unterst\u00fctzung und ganz besonders den Bergbahnen Hindelang-Oberjoch mit ihrem stets hilfsbereiten Team, ohne die es diese Veranstaltung in dieser Form nicht geben w\u00fcrde.<\/span><span data-ccp-props=\"{&quot;134233117&quot;:true,&quot;134233118&quot;:true,&quot;201341983&quot;:0,&quot;335559740&quot;:240}\">\u00a0<\/span><\/p>\n<p><span data-contrast=\"auto\">Einen sch\u00f6nen, erlebnisreichen und verletzungsfreien Wintersporttag mit bleibenden Erinnerungen w\u00fcnscht euch\/ Ihnen\u00a0<\/span><span data-ccp-props=\"{&quot;134233117&quot;:true,&quot;134233118&quot;:true,&quot;201341983&quot;:0,&quot;335559740&quot;:240}\">\u00a0<\/span><\/p>\n<p>Jochen M\u00fcller<br \/>SSV-Pr\u00e4sident<\/p>\n<\/div>\n<\/div>\n<\/div>\n<\/div>\n","protected":false},"excerpt":{"rendered":"<p>Liebe Sch\u00fclerinnen und Sch\u00fcler, liebe Lehrerinnen und Lehrer, wie in den vergangenen Jahren l\u00e4dt der Schw\u00e4bische Skiverband auch im 27. Jahr der Durchf\u00fchrung zum \u201eSchneesportfestival der Schulen\u201c ein! Unter Mitwirkung der Vereine mit den zahlreichen Lehrkr\u00e4ften, den Sch\u00fclermentoren und zahlreichen <a class=\"more-link\" href=\"https:\/\/schneesportfestival.de\/?page_id=7\"><span class=\"screen-reader-text\">  Gru\u00dfwort des Pr\u00e4sidenten des Schw\u00e4bischen Skiverbandes e.V.<\/span> weiterlesen<span class=\"meta-nav\">&rarr;<\/span><\/a><\/p>\n","protected":false},"author":2,"featured_media":0,"parent":0,"menu_order":0,"comment_status":"open","ping_status":"open","template":"","meta":{"ngg_post_thumbnail":0,"footnotes":""},"class_list":["post-7","page","type-page","status-publish","hentry"],"_links":{"self":[{"href":"https:\/\/schneesportfestival.de\/index.php?rest_route=\/wp\/v2\/pages\/7","targetHints":{"allow":["GET"]}}],"collection":[{"href":"https:\/\/schneesportfestival.de\/index.php?rest_route=\/wp\/v2\/pages"}],"about":[{"href":"https:\/\/schneesportfestival.de\/index.php?rest_route=\/wp\/v2\/types\/page"}],"author":[{"embeddable":true,"href":"https:\/\/schneesportfestival.de\/index.php?rest_route=\/wp\/v2\/users\/2"}],"replies":[{"embeddable":true,"href":"https:\/\/schneesportfestival.de\/index.php?rest_route=%2Fwp%2Fv2%2Fcomments&post=7"}],"version-history":[{"count":15,"href":"https:\/\/schneesportfestival.de\/index.php?rest_route=\/wp\/v2\/pages\/7\/revisions"}],"predecessor-version":[{"id":2476,"href":"https:\/\/schneesportfestival.de\/index.php?rest_route=\/wp\/v2\/pages\/7\/revisions\/2476"}],"wp:attachment":[{"href":"https:\/\/schneesportfestival.de\/index.php?rest_route=%2Fwp%2Fv2%2Fmedia&parent=7"}],"curies":[{"name":"wp","href":"https:\/\/api.w.org\/{rel}","templated":true}]}}